{"id":2653,"date":"2023-02-20T09:44:07","date_gmt":"2023-02-20T12:44:07","guid":{"rendered":"https:\/\/cappuccio.com.br\/?post_type=product&#038;p=2653"},"modified":"2024-10-29T21:28:50","modified_gmt":"2024-10-30T00:28:50","slug":"po-descolorante-colorare-cappuccio-500gr-branco-dust-free","status":"publish","type":"product","link":"https:\/\/cappuccio.com.br\/index.php\/product\/po-descolorante-colorare-cappuccio-500gr-branco-dust-free\/","title":{"rendered":"P\u00f3 Descolorante Colorare Cappuccio 500gr &#8211; Branco \/ Dust Free"},"content":{"rendered":"<div class=\"x_elementToProof x_ContentPasted0\">O p\u00f3 descolorante Colorare Cappuccio \u00e9 branco, tem f\u00f3rmula DUST FREE (n\u00e3o levanta poeira) de alta qualidade que promove um clareamento uniforme e regular sendo aplicado em todas as t\u00e9cnicas de desclora\u00e7\u00e3o, ballayagens, decapagens, mechas, reflexos e luzes. Sua composi\u00e7\u00e3o \u00e9 rica em col\u00e1geno e \u00f3leo de macad\u00e2mia que ajudam a minimizar as agress\u00f5es causadas pela descolora\u00e7\u00e3o tornando o processo mais f\u00e1cil, seguro e preciso.<\/div>\n<div><\/div>\n","protected":false},"excerpt":{"rendered":"<p>O p\u00f3 descolorante Colorare Cappuccio \u00e9 branco, tem f\u00f3rmula DUST FREE (n\u00e3o levanta poeira) de alta qualidade que promove um clareamento uniforme e regular sendo aplicado em todas as t\u00e9cnicas de desclora\u00e7\u00e3o, ballayagens, decapagens, mechas, reflexos e luzes. Sua composi\u00e7\u00e3o \u00e9 rica em col\u00e1geno e \u00f3leo de macad\u00e2mia que ajudam a minimizar as agress\u00f5es causadas [&hellip;]<\/p>\n","protected":false},"featured_media":2654,"comment_status":"open","ping_status":"closed","template":"","meta":[],"product_cat":[155],"product_tag":[147,153,148,149,152,150,151],"_links":{"self":[{"href":"https:\/\/cappuccio.com.br\/index.php\/wp-json\/wp\/v2\/product\/2653"}],"collection":[{"href":"https:\/\/cappuccio.com.br\/index.php\/wp-json\/wp\/v2\/product"}],"about":[{"href":"https:\/\/cappuccio.com.br\/index.php\/wp-json\/wp\/v2\/types\/product"}],"replies":[{"embeddable":true,"href":"https:\/\/cappuccio.com.br\/index.php\/wp-json\/wp\/v2\/comments?post=2653"}],"wp:featuredmedia":[{"embeddable":true,"href":"https:\/\/cappuccio.com.br\/index.php\/wp-json\/wp\/v2\/media\/2654"}],"wp:attachment":[{"href":"https:\/\/cappuccio.com.br\/index.php\/wp-json\/wp\/v2\/media?parent=2653"}],"wp:term":[{"taxonomy":"product_cat","embeddable":true,"href":"https:\/\/cappuccio.com.br\/index.php\/wp-json\/wp\/v2\/product_cat?post=2653"},{"taxonomy":"product_tag","embeddable":true,"href":"https:\/\/cappuccio.com.br\/index.php\/wp-json\/wp\/v2\/product_tag?post=2653"}],"curies":[{"name":"wp","href":"https:\/\/api.w.org\/{rel}","templated":true}]}}