{"id":2577,"date":"2022-07-17T23:08:26","date_gmt":"2022-07-18T02:08:26","guid":{"rendered":"https:\/\/cappuccio.com.br\/?post_type=product&#038;p=2577"},"modified":"2024-10-29T21:32:21","modified_gmt":"2024-10-30T00:32:21","slug":"power-monovit-60-caps","status":"publish","type":"product","link":"https:\/\/cappuccio.com.br\/index.php\/product\/power-monovit-60-caps\/","title":{"rendered":"Power Monovit 60 Caps"},"content":{"rendered":"<p>Totalmente natural e tendo\u00a0como ativos principais a\u00a0L-Ciste\u00edna e a\u00a0Vitamina H (D-biotina),\u00a0as c\u00e1psulas do\u00a0POWER MONOVIT\u00a0possuem todos os nutrientes que seus cabelos precisam para crescer saud\u00e1veis, fortes, com brilho e at\u00e9 tr\u00eas vezes mais rapidamente. Atua tratando os fios de dentro para fora, garantindo que seu cabelo fique ainda mais bonito e nutrido. E o melhor de tudo? N\u00e3o engorda, n\u00e3o possui efeitos colaterais, n\u00e3o atua em n\u00edveis hormonais.<\/p>\n","protected":false},"excerpt":{"rendered":"<p>Totalmente natural e tendo\u00a0como ativos principais a\u00a0L-Ciste\u00edna e a\u00a0Vitamina H (D-biotina),\u00a0as c\u00e1psulas do\u00a0POWER MONOVIT\u00a0possuem todos os nutrientes que seus cabelos precisam para crescer saud\u00e1veis, fortes, com brilho e at\u00e9 tr\u00eas vezes mais rapidamente. Atua tratando os fios de dentro para fora, garantindo que seu cabelo fique ainda mais bonito e nutrido. E o melhor de tudo? N\u00e3o engorda, n\u00e3o possui efeitos colaterais, n\u00e3o atua em n\u00edveis hormonais.<\/p>\n","protected":false},"featured_media":2596,"comment_status":"open","ping_status":"closed","template":"","meta":[],"product_cat":[142],"product_tag":[],"_links":{"self":[{"href":"https:\/\/cappuccio.com.br\/index.php\/wp-json\/wp\/v2\/product\/2577"}],"collection":[{"href":"https:\/\/cappuccio.com.br\/index.php\/wp-json\/wp\/v2\/product"}],"about":[{"href":"https:\/\/cappuccio.com.br\/index.php\/wp-json\/wp\/v2\/types\/product"}],"replies":[{"embeddable":true,"href":"https:\/\/cappuccio.com.br\/index.php\/wp-json\/wp\/v2\/comments?post=2577"}],"wp:featuredmedia":[{"embeddable":true,"href":"https:\/\/cappuccio.com.br\/index.php\/wp-json\/wp\/v2\/media\/2596"}],"wp:attachment":[{"href":"https:\/\/cappuccio.com.br\/index.php\/wp-json\/wp\/v2\/media?parent=2577"}],"wp:term":[{"taxonomy":"product_cat","embeddable":true,"href":"https:\/\/cappuccio.com.br\/index.php\/wp-json\/wp\/v2\/product_cat?post=2577"},{"taxonomy":"product_tag","embeddable":true,"href":"https:\/\/cappuccio.com.br\/index.php\/wp-json\/wp\/v2\/product_tag?post=2577"}],"curies":[{"name":"wp","href":"https:\/\/api.w.org\/{rel}","templated":true}]}}