{"id":2572,"date":"2022-07-17T20:53:29","date_gmt":"2022-07-17T23:53:29","guid":{"rendered":"https:\/\/cappuccio.com.br\/?post_type=product&#038;p=2572"},"modified":"2024-10-29T21:33:07","modified_gmt":"2024-10-30T00:33:07","slug":"kit-therapy-cappuccio","status":"publish","type":"product","link":"https:\/\/cappuccio.com.br\/index.php\/product\/kit-therapy-cappuccio\/","title":{"rendered":"Kit Therapy Cappuccio"},"content":{"rendered":"<p>O KIT Therapy \u00e9 um tratamento intensivo de repara\u00e7\u00e3o que tem como principais ativos o \u00c1cido Hialur\u00f4nico, Elastina e Col\u00e1geno.<br \/>\nTem como finalidade a repara\u00e7\u00e3o dos cabelos, fortifica a fibra e restaura o toque macio dos<br \/>\nfios ap\u00f3s os processos qu\u00edmicos como: mechas, descolora\u00e7\u00e3o e alisamentos.<\/p>\n<p>Tratamento r\u00e1pido e eficiente para quem deseja preencher e tratar instantaneamente cabelos porosos e fragilizados.<\/p>\n<p>Passo 1: lave os cabelos com o shampoo Therapy que possui toque suave, lava ao mesmo tempo que confere tratamento aos fios.<\/p>\n<p>Passo 2: Borrife o Spray Therapy nos fios enluve at\u00e9 que se forme um mouse, deixe agir de 5 a 10 minutos e enx\u00e1gue em seguida.<\/p>\n<p>Passo 3: Aplique a M\u00e1scara Therapy nos fios, enluve e deixe agir de 5 a 10 minutos e depois enx\u00e1gue.<\/p>\n<p>Passo 4: Finalize escovando, pranchando ou como preferir.<\/p>\n","protected":false},"excerpt":{"rendered":"<p>O KIT Therapy \u00e9 um tratamento intensivo de repara\u00e7\u00e3o que tem como principais ativos o \u00c1cido Hialur\u00f4nico, Elastina e Col\u00e1geno.<br \/>\nTem como finalidade a repara\u00e7\u00e3o dos cabelos, fortifica a fibra e restaura o toque macio dos<br \/>\nfios ap\u00f3s os processos qu\u00edmicos como: mechas, descolora\u00e7\u00e3o e alisamentos.<\/p>\n<p>Tratamento r\u00e1pido e eficiente para quem deseja preencher e tratar instantaneamente cabelos porosos e fragilizados.<\/p>\n","protected":false},"featured_media":2573,"comment_status":"open","ping_status":"closed","template":"","meta":[],"product_cat":[144],"product_tag":[],"_links":{"self":[{"href":"https:\/\/cappuccio.com.br\/index.php\/wp-json\/wp\/v2\/product\/2572"}],"collection":[{"href":"https:\/\/cappuccio.com.br\/index.php\/wp-json\/wp\/v2\/product"}],"about":[{"href":"https:\/\/cappuccio.com.br\/index.php\/wp-json\/wp\/v2\/types\/product"}],"replies":[{"embeddable":true,"href":"https:\/\/cappuccio.com.br\/index.php\/wp-json\/wp\/v2\/comments?post=2572"}],"wp:featuredmedia":[{"embeddable":true,"href":"https:\/\/cappuccio.com.br\/index.php\/wp-json\/wp\/v2\/media\/2573"}],"wp:attachment":[{"href":"https:\/\/cappuccio.com.br\/index.php\/wp-json\/wp\/v2\/media?parent=2572"}],"wp:term":[{"taxonomy":"product_cat","embeddable":true,"href":"https:\/\/cappuccio.com.br\/index.php\/wp-json\/wp\/v2\/product_cat?post=2572"},{"taxonomy":"product_tag","embeddable":true,"href":"https:\/\/cappuccio.com.br\/index.php\/wp-json\/wp\/v2\/product_tag?post=2572"}],"curies":[{"name":"wp","href":"https:\/\/api.w.org\/{rel}","templated":true}]}}